j - 261. Determine s(-10).
-11
Let u(x) = -6*x**3 + 14*x**2 - 11*x + 5. Calculate u(3).
-64
Let n(p) = p**2 - 47*p + 193. What is n(4)?
21
Let x(i) = 3*i**2 + 35*i - 97. Calculate x(-15).
53
Let v(y) = -5*y**3 - 67*y**2 + 45*y + 41. What is v(-14)?
-1
Let c(p) = p**3 - 22*p**2 - 5*p - 12. Calculate c(22).
-122
Let k(n) = -n**2 - 85*n - 1780. Calculate k(-47).
6
Let t(k) = -3*k**3 + 30*k**2 - 2*k - 11. Calculate t(10).
-31
Let u(i) = 14359*i - 100468. Give u(7).
45
Let d(t) = -t**2 + 86*t - 825. What is d(11)?
0
Let g(r) = r**3 + 8*r**2 - 88*r - 33. What is g(-14)?
23
Let p(x) = -x**2 + 79*x - 162. Calculate p(77).
-8
Let u(w) = 11*w**2 + 543*w + 203. What is u(-49)?
7
Let q(d) = 5*d**3 + 11*d**2 - 10*d. Calculate q(1).
6
Let z(o) = -2*o**2 + 3231*o - 19322. Calculate z(6).
-8
Let z(w) = -134*w + 3887. Give z(29).
1
Let s(x) = x**2 - 44*x - 884. What is s(-15)?
1
Let v(m) = 6*m**2 - 1026*m - 2070. Calculate v(173).
6
Let y(o) = -o + 53. What is y(11)?
42
Let k(f) = f**3 + 66*f**2 + 54*f - 705. Calculate k(-65).
10
Let b(k) = 3*k**3 + 3*k**2 - 6*k - 7. What is b(-1)?
-1
Let h(z) = z**2 + z + 45. What is h(-9)?
117
Let d(b) = 356*b + 1909. Give d(-4).
485
Let g(y) = 98*y + 8. Give g(0).
8
Let a(p) = 5*p**2 + 128*p - 58. Determine a(-21).
-541
Let d(q) = 26*q**2 - 79*q - 11. Calculate d(3).
-14
Let x(q) = -7*q**3 + 61*q - 131. Determine x(2).
-65
Let k(t) = -t**3 - t**2 + 25*t - 16. Determine k(5).
-41
Let o(u) = -267*u - 2651. Calculate o(-10).
19
Let s(h) = h**3 + 65*h**2 - 133*h + 68. What is s(-67)?
1
Let x(i) = i**2 + 245. What is x(0)?
245
Let o(s) = s**2 + 103*s - 3209. What is o(-128)?
-9
Let c(q) = -q**3 - 25*q**2 + 30*q + 102. Calculate c(-26).
-2
Let w(u) = -3*u**3 + 126*u**2 - 122*u - 48. What is w(41)?
-7
Let r(i) = -4*i**3 + 2*i**2 + 10*i + 47. Calculate r(-3).
143
Let j(l) = -l**3 + 10*l**2 - 5*l - 76. Give j(9).
-40
Let k(l) = 49*l - 789. Give k(16).
-5
Let k(c) = c**3 - 17*c**2 + 47*c - 16. What is k(15)?
239
Let t(j) = j**3 + 13*j**2 - 47*j - 310. What is t(-15)?
-55
Let w(o) = 23*o + 625. What is w(-26)?
27
Let v(a) = -a**3 - 17*a**2 - 10*a + 52. Determine v(-16).
-44
Let l(c) = 17*c**2 - 99*c - 12. What is l(6)?
6
Let c(h) = -h**3 + 22*h**2 + 977*h - 22557. What is c(25)?
-7
Let l(c) = 19*c**2 + 322*c - 10. Calculate l(-17).
7
Let z(c) = -16*c - 111. Give z(12).
-303
Let g(q) = q**3 + 14*q**2 - 49*q + 57. Give g(-17).
23
Let b(o) = -884*o**2 - 32*o + 33. Give b(1).
-883
Let l(b) = 6*b**2 + 78*b - 10. What is l(-7)?
-262
Let z(n) = n**2 + 11*n + 14. Determine z(-6).
-16
Let w(b) = 2*b**3 - 48*b**2 + 45*b + 17. What is w(23)?
-6
Let p(z) = z**3 + 19*z**2 + 75*z - 136. Give p(-9).
-1
Let a(y) = 3*y + 304. Give a(-68).
100
Let l(m) = 12*m + 409. Determine l(-34).
1
Let n(s) = 3*s**2 + 34*s + 115. Give n(-4).
27
Let g(r) = -3*r**2 - 65*r - 254. Determine g(-5).
-4
Let d(v) = -v**2 + 61*v - 181. Calculate d(3).
-7
Let k(i) = -2*i**3 + 89*i**2 - 42*i + 84. Calculate k(44).
172
Let y(l) = 20*l - 21. Calculate y(-2).
-61
Let n(t) = -3*t**2 - 14*t + 311. What is n(-13)?
-14
Let m(i) = 40*i - 821. Calculate m(24).
139
Let m(d) = 7*d**2 - 1350*d + 15184. Calculate m(12).
-8
Let a(x) = x**2 - 275*x + 5055. Give a(255).
-45
Let g(d) = -d**3 - 50*d**2 + 158*d - 48. What is g(-53)?
5
Let r(g) = -112*g + 2119. Give r(19).
-9
Let m(g) = 46*g - 153. Give m(4).
31
Let u(a) = -a**2 - 39*a - 354. Calculate u(-24).
6
Let r(n) = -2*n**3 - 65*n**2 - 38*n - 100. Determine r(-32).
92
Let b(h) = 2*h + 62. What is b(-15)?
32
Let u(x) = -x**3 + 9*x**2 + 3*x - 34. Give u(5).
81
Let l(r) = 209*r - 415. Determine l(2).
3
Let l(p) = 86*p + 50. Determine l(-8).
-638
Let u(g) = -152*g**2 - 8206*g + 100. Determine u(-54).
-8
Let g(k) = -7*k**2 - k + 12. What is g(-3)?
-48
Let h(t) = -2*t**2 + 9*t - 11. Determine h(2).
-1
Let v(d) = -2*d**2 - 4*d + 14. Give v(-9).
-112
Let b(j) = -15*j**2 + 318*j + 18. Calculate b(21).
81
Let l(h) = 5*h + 554. Determine l(-112).
-6
Let l(v) = -v**3 - 120*v**2 + 488*v - 992. Determine l(-124).
0
Let f(d) = 6*d**3 - 19*d**2 + 4*d + 4. Give f(4).
100
Let a(x) = -53*x + 62. Calculate a(1).
9
Let h(w) = 2*w**2 + 58*w - 78. Give h(-30).
-18
Let u(c) = -2*c**2 - 6252*c + 151202. Calculate u(24).
2
Let v(q) = -12*q**2 + 379*q - 62. Calculate v(31).
155
Let v(p) = p**3 - 18*p**2 - 13*p + 128. Calculate v(18).
-106
Let i(g) = 31*g - 1563. Give i(50).
-13
Let a(b) = -693*b + 5537. Give a(8).
-7
Let m(o) = -23*o + 6. Calculate m(-6).
144
Let p(r) = -r**3 + 9*r**2 + 22*r + 1. What is p(11)?
1
Let d(o) = 52*o - 42. Give d(6).
270
Let u(b) = -3*b**3 + 36*b**2 - 52*b - 90. What is u(10)?
-10
Let g(b) = b**2 + 5*b + 30. Calculate g(0).
30
Let a(g) = -12843*g - 12839. What is a(-1)?
4
Let i(l) = 2*l**3 + 57*l**2 + 87*l + 174. Calculate i(-27).
12
Let c(q) = 40*q - 5509. Calculate c(138).
11
Let l(z) = -73*z + 515. Give l(7).
4
Let d(y) = -13*y**2 + 19*y + 49. What is d(-5)?
-371
Let h(c) = 15*c**2 + 51*c + 21. Give h(-3).
3
Let o(a) = 49*a + 1516. What is o(-29)?
95
Let h(v) = -105*v**2 - 751*v - 1134. Calculate h(-5).
-4
Let o(k) = -2*k**3 + 79*k**2 - 410*k + 34. Calculate o(6).
-14
Let z(t) = -2*t**2 + 46*t + 139. Give z(27).
-77
Let s(b) = -7*b**2 + 93*b - 45. What is s(13)?
-19
Let f(o) = 165*o - 1350. What is f(8)?
-30
Let r(c) = -5*c**3 + 10*c - 8. What is r(1)?
-3
Let b(a) = -2*a**2 + 51*a - 348. What is b(12)?
-24
Let k(c) = -21*c - 1717. Calculate k(-82).
5
Let h(x) = 14*x**2 - 2*x + 1. Give h(-1).
17
Let p(r) = -2*r**3 + 15*r**2 + 42*r + 34. Determine p(12).
-758
Let t(i) = -6*i + 262. Determine t(39).
28
Let i(z) = 27*z**3 + 66*z**2 + 133*z + 1. Calculate i(-2).
-217
Let a(q) = 36*q + 95. Calculate a(3).
203
Let o(v) = v**3 + 15*v**2 + 236*v + 2714. Determine o(-13).
-16
Let p(u) = 30*u - 272. Give p(15).
178
Let f(s) = -s**3 - 43*s**2 - 46*s - 167. Determine f(-42).
1
Let k(q) = -q**3 + 34*q**2 - 247*q - 152. Calculate k(23).
-14
Let s(z) = 5*z**2 + 29*z - 71. What is s(6)?
283
Let k(l) = 2*l**3 - 47*l**2 - 93*l + 427. Calculate k(25).
-23
Let f(o) = 2*o**3 + 18*o**2 - 22*o - 28. Give f(-10).
-8
Let t(f) = -10*f - 162. Give t(-5).
-112
Let u(y) = -y**3 + y**2 + 10*y + 29. Give u(-2).
21
Let n(p) = p**2 + 64*p + 246. Determine n(-4).
6
Let u(m) = 3*m**3 - 220*m**2 + 77*m - 289. Give u(73).
3
Let v(n) = -2*n**3 + 35*n**2 + 1174*n + 20. What is v(-17)?
3
Let q(i) = -16*i**2 - 154*i + 6. Give q(-10).
-54
Let d(w) = 8*w**3 - 4*w**2 - 25*w - 49. Determine d(-3).
-226
Let n(i) = 10*i**2 - 173*i + 176. What is n(1)?
13
Let w(h) = 99*h + 546. What is w(-5)?
51
Let t(n) = -47*n - 190. Give t(-3).
-49
Let p(y) = y**2 + 40*y - 4. What is p(-39)?
-43
Let d(o) = 8*o**2 - 19*o - 21. What is d(-1)?
6
Let r(n) = -n**3 + 16*n**2 - 34*n + 108. What is r(12)?
276
Let t(r) = r**3 + 44*r**2 + 38*r - 253. Determine t(-43).
-38
Let p(r) = 4*r**3 - 16*r**2 - 50*r - 33. Calculate p(7).
205
Let m(x) = -2*x**3 + 4*x**2 - 15*x + 25. What is m(3)?
-38
Let t(a) = 7*a**2 - 64*a + 6. Give t(10).
66
Let z(f) = -2*f**3 + 26*f**2 - 54*f - 93. Give z(10).
-33
Let t(m) = -8*m**2 - 470*m + 232. What is t(-59)?
114
Let u(s) = 303*s - 898. What is u(3)?
11
Let h(q) = -3*q**3 + 4*q**2 + 3*q + 10. Calculate h(4).
-106
Let g(p) = -p**3 + 257*p**2 - 533*p + 5857. Determine g(255).
-8
Let h(m) = -m**3 - 22*m**2 - 65*m + 51. Give h(-19).
203
Let r(x) = -x**3 + 17*x**2 - 13*x + 22. What is r(16)?
70
Let q(s) = 65*s + 2109. Give q(-45).
-816
Let u(f) = -f**3 - 123*f**2 - 701*f + 132. What is u(-117)?
15
Let t(i) = 384*i + 7629. Give t(-20).
-51
Let t(x) = 23*x - 990. Determine t(42).
-24
Let t(s) = 1559*s + 4674. Calculate t(-3).
-3
Let i(p) = 66*p - 193. Calculate i(4).
71
Let o(i) = i**3 - 40*i**2 + 269*i + 104. Determine o(9).
14
Let r(c) = -c - 50. Give r(33).
-83
Let q(z) = 268*z + 1884. Calculate q(-7).
8
Let r(x) = x**2 - 210*x - 5616. Determine r(-24).
0
Let o(c) = c**3 + 28*c**2 - 33*c - 101. Give o(-29).
15
Let a(b) = b**2 - 3*b + 16. Calculate a(9).
70
Let o(y) = -3*y**3 + 59*y**2 - 39*y + 27. Determine o(19).
8
Let q(v) = -4*v**2 - 79*v + 148. Give q(-24).
-260
Let f(x) = -x**2 - 31*x + 34. Determine f(0).
34
Let q(o) = 16*o + 158. Give q(-5).
78
Let h(s) = s**2 + 18*s + 105. What is h(-6)?
33
Let h(s) = 6735*s + 6734. Give h(-1).
-1
Let k(d) = 11*d - 15. Determine k(1